
Calculate -1 - 2 - (8 + (-1 - 5 - -5)).
-10
Evaluate 12 - (-2 - (10 + (-2 - 34) + 12)).
0
(-81 - -73) + (41 - 3)
30
1 + (9 - (-19 + 57 - 11))
-17
What is -1 + 13 + -11 + 9?
10
Evaluate (21 - (17 - (24 - 13))) + (1 - -6).
22
What is the value of -21 + (32 + -9 - 8)?
-6
Evaluate 4 + 21 - (244 + -210).
-9
What is -15 - (4 + -10 + 18 + -10)?
-17
-7 - (14 + (10 - (17 + -7)) - 9)
-12
What is the value of 12 + -3 - (42 + (1 + -9 - -5))?
-30
What is 9 + (-2 + -8 + 4 - (0 + -15))?
18
Evaluate -11 - -1 - ((-11 - -23) + 4).
-26
What is the value of 0 + 1 + 1 - (-53 + 48)?
7
11 + -10 + (4 - 5) + (-4 - -1)
-3
Evaluate -12 - 1 - 0 - (-1710 - -1706) - 1.
-10
Evaluate (-10 - -1 - (-13 - -14)) + 7 + -2.
-5
What is the value of 13 - 9 - (3 - ((1 - -1) + -5))?
-2
12 + -24 + 20 + -12
-4
Evaluate 18 + 34 + -5 - (3 - -14).
30
What is the value of 5 + 2 + 13 - (1 - -2)?
17
What is (2 - -5) + -19 + -4?
-16
2 + -6 + 13 - 3
6
Calculate -23 - -21 - (-2 + 2 + 1 + -3).
0
252 - 253 - (12 + -3)
-10
Calculate 85 + -89 - (2 + -6 + 0).
0
Evaluate 15 - (6 - 2) - (-3 + -3 - -2).
15
Calculate 17 + -18 + (1 + 0 - 7).
-7
Evaluate (-1 + -5 - 1) + 2 + (17 - 22).
-10
What is (13 + -40 + 11 - -12) + 8?
4
9 - 4 - (-2 - (-2 - 0))
5
What is (-5 - (3 + (0 - -2) - 7)) + -4?
-7
1 + (3 - 13) - (-32 + -45 + 94)
-26
What is the value of -37 + 45 + -14 + 0 + -4 + 1?
-9
What is -5 - (-1 - (9 - (-4 - -7))) - 6?
-4
Calculate -7 + -2 + -15 + 49 + -29.
-4
Calculate 7 - -13 - 10 - (-8 + 1) - -7.
24
What is ((-6 - 6) + 9 + -4 - -2) + -1?
-6
What is -5 - (-6 + 0 - (0 - (3 + -4)))?
2
Evaluate -38 + 28 + (45 - 2) + -10.
23
What is -6 + (1 + -2 + -26 + 29 - -2)?
-2
What is 13 + -14 + (7 - 4) + -2?
0
What is -14 + (6 + -11 + -2 - 3 - -15)?
-9
What is the value of 20 + -21 + -17 - -23?
5
-10 - (-19 + 1 - (285 - 283))
10
What is 11 + (-42 - -24) + -3?
-10
47 - 30 - (-3 - (-5 + 1) - -2)
14
Evaluate (-3 + -1 - 0) + (26 - 49 - -30).
3
Calculate (10 - -1) + -15 + 15.
11
What is (-12 - -13 - -8) + (-13 - -1)?
-3
24 - -1 - (0 + 12)
13
What is 0 + 0 + 5 + -21?
-16
Calculate (-5 - (-15 + 15)) + -2 - -2.
-5
What is the value of -35 + -26 + 35 + -3?
-29
(-1 - -6) + (-5 - -13 - 3 - 10)
0
Calculate -7 - (5 + -23) - 10.
1
Evaluate (12 - (26 + -11)) + -2 + -2.
-7
What is the value of -12 + (18 - (4 - -12))?
-10
(5 - 2) + (2 - 2 - -7) + 8
18
What is the value of 9 - (2 - -15) - -25?
17
-2 + 0 - (-23 - -34 - 28)
15
Calculate -5 + 3 + -4 + (15 - (-11 - -16)).
4
Evaluate 1 + 28 - (224 + -206).
11
What is 5 - ((-7 - -17) + -16 + -2)?
13
What is the value of -16 - -2 - (-202 - -213)?
-25
10 + -10 + 3 + -6
-3
Evaluate -45 - -47 - (-2 - -10).
-6
Calculate -10 + 17 + -3 + 5 - 4 - 19.
-14
16 + -2 + -23 - (-1 + -14)
6
Calculate -3 + 0 - (0 - 7 - (-16 + -6)).
-18
What is the value of 26 + -25 + (-8 - -11)?
4
Evaluate (13 - (16 - (-7 + 15)) - -3) + -6.
2
Calculate 46 - ((62 - 80) + 23 + 2).
39
Calculate -7 + 1 + -2 + (-4 - -12) + -2.
-2
What is the value of -40 - 2 - (21 + -45 + 18)?
-36
Evaluate 13 + (-12 - -1) + 0 + -2 + -3.
-3
Calculate -5 + 1 - (27 + (-64 - -22)).
11
(0 - (-1 - 1)) + -9 - (-146 - -144)
-5
0 - (12 + -10 + 1 + -16)
13
Evaluate (-15 - 10) + -3 - -14.
-14
(-2 - -4) + -8 + 4 + (-16 - -11)
-7
What is 4 + 4 + 10 - 7?
11
Calculate 1 + 0 + 9 + (-53 - -2) + 51.
10
What is (-14 + 37 - 11) + (3 - 5)?
10
What is 32 + -9 - (-6 + 7 - 14)?
36
Evaluate (-12 - -1) + (-6 - -4).
-13
What is the value of 1 - 11 - -16 - (9 + -4) - 5?
-4
26 - ((21 - 5) + 1)
9
What is (3860 - 3896) + (19 - (0 - 0))?
-17
(-13 - (-19 + 6) - (-1 - 0)) + -4
-3
Evaluate -9 - (22 + -18 + -8 + 2 + 0).
-7
What is 20 - 8 - (8 + -23 + 6)?
21
-12 - ((-1 - (-1 + 1 + -5)) + -7)
-9
What is the value of 4 + (12 - 26 - -18)?
8
What is 17 + -23 + 11 + -4 + 4 + -4?
1
What is 23 + -13 + -14 + -11 - -30?
15
Evaluate -228 + 240 + -3 + -16.
-7
Evaluate (37 - 46) + 2 + 25 - 14.
4
(-13 - 1) + -3 + (5 - -8)
-4
18 - (30 + (-31 - -35))
-16
Evaluate (-4 - 0 - 2) + (-432 - -433) - 9.
-14
Evaluate 21 + (11 - (24 - -3)).
5
-177 + 133 + (-6 - -38)
-12
Evaluate -7 + -9 + -8 + 12.
-12
What is the value of 11 - (48 + -13 + -2)?
-22
Evaluate (-2 - 1) + (-3 - (-13 + -4)).
11
Calculate (39 - 35) + (2 - 3) + -2 - -12.
13
What is 1 + (18 - 24 - (-1 - (2 - 0)))?
-2
Evaluate 0 + -12 + 2 + 19.
9
Evaluate 10 + (-7 - -1) + 1 - (1 + 9).
-5
Calculate 1 - -4 - (13 + -21 - -11).
2
Calculate 70 - 94 - (4 - 19).
-9
What is the value of 0 + 5 + (-12 - -10) + 3?
6
What is (-13 + 2 - -15) + -9?
-5
What is the value of -32 - 1 - (180 + -193) - -1?
-19
Evaluate 202 - 199 - (-5 - -30).
-22
Calculate 55 - 45 - (4 + -5 - 5).
16
What is -7 + -7 + (0 - (1 + 4))?
-19
Calculate (-13 - (-10 - 12)) + 0 + (-6 - -1).
4
Calculate (-24 - -29) + -6 + 0 + 4 - 2.
1
Calculate -1 - (-3 - 2) - (-11 - -5) - 5.
5
What is (33 - (11 + 0)) + -10?
12
Evaluate -7 - (9 + -11 + -1).
-4
Evaluate -20 - (-16 - 17) - 7.
6
Evaluate -24 + (61 - -17) - 45.
9
Evaluate (-4 - -15) + (-1 + 1 - 2).
9
Evaluate (2 + -21 + 0 - -7) + (-4 - -2).
-14
Evaluate 2 + 3 + -1 + (10 - 20).
-6
What is the value of (-40 - -30) + (-4 - -27 - -7)?
20
Calculate 4 + -6 - -26 - 16.
8
Calculate -480 + 451 - (-3 - (-3 - -5)).
-24
What is -3 + 3 + -3 + (-25 - (-47 + 20))?
-1
What is 15 - (1 - 1 - (-27 + (18 - 1)))?
5
What is 3 + (-6 - -1 - -4) + -9 + 32?
25
What is 2 + 3 - ((-3 - -1) + 0 + 5)?
2
What is 3 - 6 - 1 - (-18 + 11 - -9)?
-6
Calculate (5 - 12) + 3 + 2 + -5 + 1.
-6
(-7 - (4 + -7) - (2 + -9)) + -10
-7
What is -6 + 3 - (-28 + 19) - -6?
12
Calculate -4 - (-9 - (-18 + -1 + 11)).
-3
1 + -1 + -6 + 8 + -50 + 42
-6
What is 12 + (-11 - 4) + 11?
8
Calculate 7 - (24 - ((16 - 7) + 3)).
-5
What is 33 + (23 - 39) + -14 - (2 - -16)?
-15
What is -15 + 34 + -6 + -9?
4
What is (-2 - 8) + -2 - (7 + -19 + 12)?
-12
What is 6 + 1 - (0 + -10 + 9)?
8
Calculate (-5 - -10) + (171 - 190).
-14
14 + -7 + 7 + 12 + 8
34
What is the value of -3 - (-24 - (-5 + -8))?
8
Evaluate (4 - -1) + 226 + -223 + 0 + -28.
-20
Calculate 17 + -9 - 22 - -23.
9
What is -15 + 4 + -1 + -16 + 19 - -4?
-5
Evaluate -35 + 66 - 3 - 4.
24
Evaluate -12 + (10 - (6 + -12 - -31)).
-27
-8 - (8 - (4 - 5)) - (-12 + 1)
-6
-25 - -2 - (28 + -47)
-4
Evaluate -1 + 12 - (33 - (34 + 0)).
12
Calculate (2 - (2 - 2)) + -4 - (2431 + -2420).
-13
(43 - 0) + -1215 + 1184
12
What is 81 + -37 + 3 - 35?
12
-3 - 3 - (-22 + 12 + -7)
11
8 + 0 + 12 + (-15 - 18 - -20)
7
Evaluate 0 + 7 + (141 - 140).
8
What is -11 - ((-20 - -6) + 5 + 0 + -5)?
3
Calculate (0 - -3 - (-2 + 6)) + 1 + -10.
-10
What is -3 + (5 - -1) + 42 + -41 - 24?
-20
What is the value of -28 + 13 - ((-4 - -4 - -6) + -5)?
-16
What is (1 - 4) + (-15 - -9) + 38 + -7?
22
Calculate 5 + 4 + 3 + 4.
16
What is the value of 30 + -27 + 13 - 22?
-6
What is (0 + 2 + -2 - (-16 + 15)) + -10?
-9
What is the value of -1 - 39 - (710 + -767)?
17
(-3 - -4) + (-3 - -2) - (35 + -28)
-7
Evaluate 9 + (16 - 22) + -39 + (-4 - 0).
-40
What is the value of 6 + (-8 - 1 - 1) - (-17 - -28)?
-15
Calculate 4 - (-22 - (18 + -64)).
-20
What is the value of -2 + 8 + -10 - (-5 - -3)?
-2
What is the value of -3 - (-5 + 0 - (1 + -7))?
-4
15 - ((14 - 4) + -8 + 42)
-29
What is 92 - 76 - (12 - (4 + -2))?
6
(-6 - -5) + 5 - -8 - 3
9
Calculate 2 + 0 + (26 - 24).
4
What is the value of -2 + (-4 - -1 - (1 + -14))?
8
What is the value of -2 + (-2 - (-3 - (1 + 0)) - 15)?
-15
Calculate -1 + -2 - (24 - 34) - 6.
1
Calculate (3 + -6 - -2) + (-3 - -1).
-3
What is the value of 33 + (24 - 47 - 15)?
-5
Evaluate (-2 - -2) + (-13 + 38 - -12).
37
What is the value of (27 + -15 - 33 - -4) + 13?
-4
Calculate 1 + 10 - (7 - -24 - 6).
-14
Calculate 1 + (-33 + 12 - 2) + -8.
-30
What is the value of 92 + -104 + 1 + 0 + -2?
-13
What is the value of -5 + (-6 + (2 - -11) - -9) - -20?
31
What is 31 + (-39 - 13) + 18?
-3
Evaluate (7 - (12 - 11)) + -17.
-11
Evaluate (-9 - 1) + (8 - -12 - -2).
12
What is 31 - 10 - (7 - (6 + (-4 - -4)))?
20
Calculate 19 + -21 + (19 - -2) + -6.
13
Calculate -17 - -27 - (10 + (-6 + -1 - -2)).
5
6 - 5 - -8 - (-15 - -10)
14
22 - (-16 - -9) - (2 - (-7 - -2))
22
What is -5 - (1 + -7 + 10) - (17 - -1)?
-27
-32 + -5 + 9 + 8
-20
What is -3 - (-1 - (14 - 4)) - (0 - 1)?
9
What is (-157 + 144 + (6 - 0) - 2) + 17?
8
What is -7 - (-27 - (31 + -29))?
22
What is the value of (2 - -1) + -6 - (-232 + 210)?
19
What is the value of -8 + 1